6*g - 14 = 0. Calculate the highest common divisor of g and c.
2
Let k = 144 + 582. Calculate the highest common factor of 66 and k.
66
Let v(c) = -c + 3 + c - 2 + 6*c. Let y be v(1). What is the highest common divisor of 7 and y?
7
Suppose -175 = -8*g + 3*g. Let q = 8 + -12. Let x = q - -9. What is the highest common divisor of x and g?
5
Let q(h) = -h + 4*h + 13 + h**2 - 2*h. Let j be q(0). Let o be (-350)/(-3) + 3/9. What is the greatest common factor of j and o?
13
Suppose 11 = -l - 5*p, l - 4*p + 2*p = 10. Suppose 3 = l*i - 9. Let c be (-476)/(-12) - (-1)/i. What is the greatest common factor of c and 20?
20
Let t(k) = 7*k**2 - 4*k + 2. Let g be t(-4). Let b = g - 208. Let f be b/(-3) + -1 + 2. What is the highest common factor of f and 9?
9
Suppose 0 = 2*l - 7*l - 265. Let r = 1 - l. Calculate the highest common factor of r and 36.
18
Suppose -3*a - 4 + 13 = 0. Suppose -60 = o - 6*o. Calculate the greatest common divisor of o and a.
3
Suppose 144 = -31*c + 35*c. Calculate the highest common divisor of c and 180.
36
Suppose 5 = z - 4*x - 14, 2*z + 4*x = -10. Calculate the greatest common divisor of 15 and z.
3
Let a(q) = -34*q - 5. Let l be a(-2). Suppose 4*b = -4 + 40. What is the greatest common factor of l and b?
9
Suppose 0 = -5*b - 4*v + 173, -5*b + 5*v + 163 = 4*v. Let r = -4 + 7. What is the highest common divisor of r and b?
3
Let f(n) = -n + 11. Let a be f(5). Suppose -2 = 2*y - a. Calculate the greatest common divisor of 22 and y.
2
Suppose 0 = 5*o - 20, f = 3*f + 2*o - 54. Calculate the highest common divisor of f and 92.
23
Suppose 0*z + 2*z = 3*a + 10, 0 = z + 5*a - 5. Let c = 2 + 0. Suppose -2*p - c*w + 16 = 0, -3*p + w + 30 = 6*w. What is the highest common divisor of p and z?
5
Suppose 5*k = k + 288. What is the greatest common divisor of k and 8?
8
Let x = 90 + -42. Calculate the highest common factor of 32 and x.
16
Suppose -363 = -4*g + g. Calculate the highest common divisor of 11 and g.
11
Let a(f) = 2*f + 1. Let p be a(2). Suppose -2*y = -p*y - 3. Let t be ((-35)/20)/(y/8). Calculate the highest common divisor of t and 70.
14
Let g be (-510)/(-21) + 8/(-28). Calculate the highest common divisor of 8 and g.
8
Let o(u) = -u**2 + 6*u - 1. Let x be o(5). Let a = 3 - -1. Suppose a*n - 43 = -5*m, -m + 0*n - 1 = x*n. What is the greatest common divisor of m and 33?
11
Let x(j) = -j**2 - 9*j - 5. Let n be ((-2)/(-3))/(3/(-18)). Let k be n*(34/8 - 3). Let u be x(k). Calculate the highest common factor of u and 5.
5
Let d = -1 + 4. Let y = 13 + d. Let b = y - 0. What is the greatest common divisor of 144 and b?
16
Let a = 11 - -15. Suppose 65 = 8*g - 3*g. Calculate the highest common factor of g and a.
13
Suppose c - 4 = -3*c - 4*g, 19 = c - 5*g. Let j(o) = o**3 - 2*o**2 - 5*o. Let q be j(4). Calculate the highest common divisor of q and c.
4
Suppose 11 + 9 = -5*r, 0 = 4*x - 2*r - 20. Let q be (-110)/(2*x/(-6)). What is the greatest common divisor of 10 and q?
10
Suppose 3*f - 1 = 17. Calculate the greatest common divisor of 6 and f.
6
Let z(v) be the third derivative of 11*v**5/60 + v**4/24 + v**3/2 - 9*v**2. Let j be z(-2). Calculate the greatest common divisor of j and 9.
9
Let a(k) = -9*k**3 + 5*k**2 + 5*k + 2. Let u be a(-3). What is the greatest common divisor of 25 and u?
25
Let o(m) = m**2 - 4*m - 9. Let h be o(5). Let x be (-8)/h*45/2. Calculate the highest common factor of x and 30.
15
Let i(a) = 2*a + 1. Let b be i(2). Suppose 4*y - 159 = x + 4*x, 165 = 5*y + b*x. Calculate the greatest common divisor of y and 12.
12
Let m(t) = -5*t - 4. Let y = 6 - 10. Let o be m(y). Calculate the greatest common factor of o and 112.
16
Let a(m) = -2*m - 9. Let q be a(-11). What is the highest common factor of q and 13?
13
Let y(i) = -i - 8. Let x be y(-7). Let w be 3 + x + (4 - 1). Calculate the highest common factor of 55 and w.
5
Suppose t + 38 = 3*t. What is the greatest common divisor of t and 38?
19
Let g = 3 - -2. Suppose g*s - 16 = -4*f, 0 = s + s. Suppose -3*d = 2*d - 2*p - 10, 2*d = -4*p + f. Calculate the greatest common factor of 4 and d.
2
Suppose -2*s - 2 = -3*s, -5*s - 314 = -3*a. What is the greatest common divisor of 12 and a?
12
Let d be ((-138)/15)/(1/(-25)). Suppose -4 = -3*v - 2*x + d, 3*v - 2*x = 234. Calculate the greatest common factor of 13 and v.
13
Let b = 157 + -31. Calculate the greatest common divisor of b and 14.
14
Let u be 11/((-154)/60)*-7. What is the greatest common divisor of 90 and u?
30
Let k(u) = 15*u - 1. Let g be k(-1). Let q = -10 - g. Let p(h) = -h**2 - 5*h. Let s be p(-4). What is the highest common divisor of q and s?
2
Let u = 45 - 43. What is the greatest common divisor of 14 and u?
2
Suppose -j + 4*j - 3*q - 63 = 0, -3*q + 29 = j. What is the greatest common factor of j and 23?
23
Let n be (-6)/(-3) - 2 - 0. Suppose 4*m - 16 = n, 2*b - 5*b + 5*m - 251 = 0. Let c = b - -168. Calculate the greatest common factor of 13 and c.
13
Suppose 4*w + 0*v - 68 = -v, -w + 24 = 2*v. Let p = w + -8. Calculate the highest common divisor of 56 and p.
8
Let d(j) be the third derivative of j**6/10 + j**2. Let q be d(1). Let m = 8 - 0. What is the highest common factor of q and m?
4
Suppose -5*p - m + 13 = 0, -4*p - 2 = -4*m + 2. Suppose -5*q + p*q = -12. What is the highest common factor of 1 and q?
1
Suppose 5 = j - 4. Suppose 2*q + 11 = -3*z, 3*z + 8 = -q - z. Let v be 26*1 - (3 + q). What is the highest common divisor of j and v?
9
Let l(f) = -f**2 + 3. Let g be l(0). Suppose -w - b = g*b - 20, 0 = 2*b. Suppose 4*v = 63 - 23. What is the greatest common divisor of v and w?
10
Let b be 52/10*30/12. Suppose 3*p = -8 - 28. Let c be 3*(-13)/4*p. Calculate the greatest common factor of b and c.
13
Let w = -51 - -79. Let u = 45 + -31. What is the greatest common factor of u and w?
14
Suppose v - 3*v - 8 = 4*z, 2*v + 14 = -z. Let m = 58 + v. Suppose 0*k - 5*l = k - 10, -3*l = -2*k + 20. Calculate the greatest common factor of m and k.
10
Let b be (0 - 6*1)*1. Let y be 0/(2*3/b). Suppose 3*n - n - 24 = y. Calculate the highest common divisor of n and 48.
12
Suppose 2*j - 3*j = -2. Suppose -j*g = 3 - 19. What is the highest common divisor of g and 88?
8
Let i be 56/5*(-3 + 8). Suppose i = 4*j - 0. Suppose 3*s - 3 = 3. What is the highest common factor of s and j?
2
Let d = -6 + 8. Calculate the highest common factor of d and 2.
2
Let l(i) = -i**3 + 5*i**2 - 3*i + 3. Let s be l(3). What is the highest common divisor of 12 and s?
12
Let g be 120/9*(6 + 0/2). What is the highest common factor of 16 and g?
16
Let x be 16/10 + 2/5. Let b(t) be the first derivative of -t**2/2 + 3*t - 4. Let w be b(2). Calculate the highest common factor of x and w.
1
Let k(d) = -9*d. Let i be (1 - 0) + (-5 - 4). Let h be k(i). Suppose -12 + h = 3*q. Calculate the highest common factor of 5 and q.
5
Let j = -47 + 97. Let m be (j/10)/((-1)/(-11)). Calculate the greatest common factor of 5 and m.
5
Suppose 2*v - 5*q = -6, 2*q + 4 - 8 = 0. Calculate the greatest common divisor of 18 and v.
2
Let k = 4 + -1. Suppose -3*w = -a - 5, 3*w - k*a = -0 + 3. Suppose -d = 4*u - 22, 2*d + w*d + 5*u = 33. Calculate the highest common factor of d and 10.
2
Let i = -51 - -66. What is the highest common factor of 30 and i?
15
Let j(u) = u - 10. Let t be j(19). Let o be (2 - -1)/((-3)/(-3)). What is the greatest common factor of o and t?
3
Suppose 4*x + 0*x = 12. What is the greatest common divisor of x and 33?
3
Let v = -5 + 8. Let h be (-3 - v)*4/(-6). Suppose n + 2 = 6. What is the highest common divisor of h and n?
4
Let r be (-88)/(-14) + (-18)/63. Suppose -g = -r*g. Suppose 3*u - 6 + 0 = g. Calculate the highest common divisor of 8 and u.
2
Let y(f) = -2*f**3 + f**2 - 3*f - 4. Let v be y(-2). What is the highest common factor of 286 and v?
22
Let k be (0 - -4) + (-1 - -1). Suppose -f - 3 = -5. Suppose -f*u - 56 = -k*r, -2*u = u + 6. Calculate the greatest common divisor of r and 26.
13
Let c(d) = d - 4. Let u be c(6). Let v be -10*u*(-12)/10. What is the highest common factor of 8 and v?
8
Let h(p) = -p**3 + 10*p**2 - 17*p + 4. Let t be h(7). What is the highest common factor of 80 and t?
16
Let f(o) = -6*o**2 - 4*o**2 + 3*o**2 + 3*o. Let s be f(2). Let x = -14 - s. What is the highest common factor of x and 16?
8
Suppose 32 + 36 = l. Supp